 198.
99
Calculate the greatest common divisor of 700 and 84.
28
What is the greatest common factor of 16 and 1282?
2
Calculate the highest common factor of 130 and 312.
26
Calculate the highest common divisor of 247 and 169.
13
Calculate the greatest common factor of 151 and 1.
1
Calculate the greatest common factor of 36 and 40.
4
Calculate the highest common divisor of 111 and 7289.
37
What is the highest common divisor of 256 and 496?
16
Calculate the greatest common divisor of 26 and 12454.
26
What is the highest common factor of 232 and 29?
29
What is the highest common factor of 72 and 36?
36
Calculate the greatest common factor of 36 and 198.
18
Calculate the highest common factor of 574 and 602.
14
What is the greatest common divisor of 7830 and 580?
290
Calculate the greatest common divisor of 5224 and 8.
8
What is the highest common factor of 189 and 8379?
63
Calculate the greatest common divisor of 722 and 152.
38
Calculate the highest common divisor of 3478 and 47.
47
Calculate the highest common factor of 198 and 54.
18
Calculate the greatest common divisor of 3826 and 2.
2
Calculate the greatest common divisor of 496 and 16.
16
What is the highest common divisor of 10 and 2?
2
What is the highest common factor of 64 and 1664?
64
What is the greatest common factor of 2796 and 108?
12
What is the greatest common divisor of 12 and 51?
3
What is the highest common divisor of 30 and 170?
10
Calculate the highest common divisor of 105 and 45.
15
What is the greatest common divisor of 10 and 490?
10
Calculate the greatest common divisor of 882 and 168.
42
What is the greatest common factor of 108 and 936?
36
Calculate the highest common factor of 99 and 72.
9
What is the greatest common divisor of 79 and 79?
79
Calculate the greatest common divisor of 486 and 54.
54
Calculate the greatest common divisor of 226 and 2.
2
What is the greatest common factor of 30 and 165?
15
What is the highest common factor of 330 and 40?
10
Calculate the highest common divisor of 1292 and 76.
76
Calculate the greatest common divisor of 11 and 1529.
11
Calculate the highest common divisor of 637 and 364.
91
What is the highest common factor of 12660 and 30?
30
Calculate the highest common divisor of 1050 and 14350.
350
What is the highest common divisor of 891 and 33?
33
Calculate the highest common factor of 26 and 702.
26
What is the greatest common divisor of 669 and 15?
3
What is the highest common factor of 135 and 15?
15
What is the greatest common factor of 120 and 13360?
40
What is the highest common factor of 70 and 1930?
10
What is the greatest common factor of 350 and 112?
14
What is the greatest common divisor of 224 and 5488?
112
What is the highest common factor of 5467 and 77?
77
What is the greatest common divisor of 6821 and 19?
19
Calculate the highest common divisor of 5525 and 455.
65
Calculate the greatest common divisor of 8 and 32.
8
Calculate the greatest common divisor of 24 and 624.
24
Calculate the greatest common divisor of 2 and 162.
2
Calculate the highest common factor of 612 and 2924.
68
Calculate the highest common divisor of 1407 and 21.
21
Calculate the greatest common factor of 153 and 45.
9
What is the greatest common factor of 270 and 675?
135
Calculate the greatest common factor of 19573 and 37.
37
What is the highest common divisor of 224 and 35?
7
Calculate the highest common factor of 90 and 18.
18
Calculate the greatest common divisor of 15 and 305.
5
Calculate the greatest common factor of 54 and 6858.
54
Calculate the greatest common factor of 3200 and 450.
50
Calculate the greatest common factor of 6510 and 5460.
210
Calculate the greatest common divisor of 2 and 769.
1
What is the greatest common factor of 5736 and 24?
24
Calculate the greatest common factor of 268 and 4.
4
Calculate the highest common factor of 170 and 20.
10
Calculate the greatest common divisor of 296 and 37.
37
What is the highest common factor of 623 and 1513?
89
Calculate the highest common divisor of 282 and 10011.
141
What is the highest common divisor of 44 and 20?
4
What is the highest common divisor of 804 and 33?
3
What is the highest common divisor of 90 and 290?
10
What is the highest common divisor of 370 and 610?
10
What is the greatest common divisor of 121 and 616?
11
Calculate the greatest common divisor of 120 and 64.
8
Calculate the greatest common factor of 567 and 7.
7
What is the greatest common divisor of 39825 and 177?
177
What is the greatest common divisor of 8771 and 537?
179
What is the highest common factor of 30 and 330?
30
What is the greatest common factor of 154 and 22?
22
What is the greatest common divisor of 52 and 1235?
13
What is the highest common divisor of 9 and 7131?
3
Calculate the greatest common divisor of 375 and 3.
3
What is the highest common factor of 10 and 190?
10
Calculate the highest common factor of 574 and 205.
41
Calculate the greatest common divisor of 114 and 152.
38
What is the highest common factor of 43 and 301?
43
Calculate the highest common divisor of 576 and 128.
64
Calculate the highest common factor of 242 and 176.
22
What is the greatest common factor of 94 and 611?
47
What is the greatest common divisor of 64 and 54848?
64
Calculate the greatest common factor of 51 and 17.
17
What is the highest common factor of 29667 and 62?
31
Calculate the greatest common factor of 52779 and 219.
219
Calculate the highest common factor of 21516 and 60.
12
Calculate the greatest common factor of 138 and 5934.
138
What is the highest common factor of 70 and 35?
35
What is the greatest common factor of 186 and 42?
6
What is the greatest common divisor of 139 and 24881?
139
Calculate the highest common factor of 36317 and 23.
23
What is the highest common factor of 50 and 50?
50
Calculate the highest common divisor of 364 and 168.
28
What is the highest common divisor of 208 and 273?
13
What is the highest common divisor of 77 and 35?
7
What is the greatest common divisor of 2395 and 5?
5
Calculate the greatest common factor of 64 and 24.
8
What is the greatest common divisor of 4417 and 35?
7
What is the highest common divisor of 1518 and 3312?
138
Calculate the highest common factor of 448 and 5936.
112
Calculate the greatest common divisor of 2597 and 42.
7
Calculate the greatest common factor of 1 and 25.
1
What is the highest common factor of 800 and 480?
160
What is the highest common factor of 205 and 75235?
205
Calculate the highest common factor of 23 and 966.
23
Calculate the highest common factor of 1060 and 60.
20
Calculate the greatest common divisor of 2272 and 448.
32
What is the highest common factor of 4 and 3202?
2
Calculate the greatest common factor of 5960 and 50.
10
Calculate the highest common factor of 27 and 81.
27
What is the greatest common divisor of 4758 and 78?
78
What is the highest common factor of 13672 and 16?
8
What is the highest common factor of 874 and 38?
38
What is the greatest common divisor of 1716 and 1248?
156
What is the highest common factor of 240 and 1840?
80
Calculate the greatest common factor of 96 and 48.
48
What is the greatest common factor of 70 and 6?
2
Calculate the greatest common divisor of 204 and 68.
68
Calculate the highest common divisor of 59491 and 41.
41
Calculate the highest common factor of 549 and 305.
61
Calculate the greatest common divisor of 4959 and 870.
87
Calculate the greatest common factor of 119 and 595.
119
What is the greatest common divisor of 3848 and 26?
26
Calculate the highest common divisor of 299 and 23.
23
What is the greatest common divisor of 22422 and 202?
202
Calculate the highest common factor of 287 and 1.
1
Calculate the highest common factor of 970 and 10.
10
What is the greatest common factor of 56 and 24?
8
What is the greatest common divisor of 250 and 12850?
50
Calculate the greatest common factor of 8 and 3.
1
What is the greatest common divisor of 33 and 77?
11
What is the highest common divisor of 35 and 5?
5
Calculate the greatest common divisor of 132 and 99.
33
What is the highest common factor of 1632 and 120?
24
What is the highest common factor of 204 and 1785?
51
What is the greatest common factor of 128 and 320?
64
Calculate the greatest common divisor of 1704 and 56.
8
Calcu